{"id":557,"date":"2015-10-01T23:54:32","date_gmt":"2015-10-01T21:54:32","guid":{"rendered":"http:\/\/jnorman.wpengine.com\/?page_id=557"},"modified":"2024-11-03T19:57:52","modified_gmt":"2024-11-03T18:57:52","slug":"frakt-returer","status":"publish","type":"page","link":"https:\/\/frost08.se\/staging\/frakt-returer\/","title":{"rendered":"Frakt &#038; Returer"},"content":{"rendered":"<p><strong>Frakt<\/strong><br \/>\nFROSTnoll\u00e5tta slopar frakten helt och du betalar bara f\u00f6r varor med undantag om du handlar under k\u00f6pgr\u00e4nsen p\u00e5 100kr d\u00e5 tillkommer enhetsfrakt.<br \/>\n<em>Betals\u00e4tten kan ha kostnader f\u00f6r sig exempelvis fakturering &#8211; 20kr<br \/>\nFraktfritt g\u00e4ller inom Sverige.<\/em><\/p>\n<p><strong>Nya rutiner f\u00f6r postning<\/strong><br \/>\nAlla brev och paket h\u00e4mtas upp hos oss kl 13:00 p\u00e5 eftermiddagarna, de betyder att alla best\u00e4llningar efter kl 12:00 skickas dagen efter.<\/p>\n<p><strong>Har du inte tagit emot din order?<br \/>\n<\/strong>N\u00e4r din order \u00e4r skickad s\u00e5 skickas ett mail ut till den mailadress som du angav n\u00e4r du handlade, om du har f\u00e5tt det mailet s\u00e5 vet du att vi lagt ditt brev p\u00e5 postl\u00e5dan och att vi inte har mer information om vart den \u00e4r just nu (om du inte valt sp\u00e5rbar frakt)<\/p>\n<p>F\u00f6lj oss p\u00e5 <a href=\"https:\/\/www.facebook.com\/frostnollatta\">FACEBOOK<\/a> och <a href=\"https:\/\/www.instagram.com\/frostnollatta\">INSTAGRAM<\/a> f\u00f6r att se meddelanden om eventuella f\u00f6rseningar i leveranser.<strong><br \/>\n<\/strong><\/p>\n<p><strong>Retur<\/strong><br \/>\nDu har r\u00e4tt att \u00e5ngra ditt k\u00f6p i 14 dagar efter att du mottagit dina varor.<br \/>\nSkicka mig ett mejl om du vill returnera en order eller delar av den, d\u00e5 kan<br \/>\ndu v\u00e4lja mellan att byta ut varorna eller f\u00e5 pengarna tillbaka.<br \/>\nVarorna ska skickas tillbaka i samma skicka som de mottogs, allts\u00e5 o\u00f6ppnad<br \/>\noch\/eller oanv\u00e4nda. Kostnader f\u00f6r ev. frakt returneras ej och<br \/>\nreturfraktkostnad st\u00e5r k\u00f6paren f\u00f6r.<\/p>\n<p>Skriv ut denna <a href=\"https:\/\/frost08.se\/staging\/wp-content\/uploads\/2024\/11\/RETURHANDLING.pdf\" target=\"_blank\" rel=\"noopener noreferrer\">RETURHANDLING<\/a> och fyll i, l\u00e4gg den i returkuvertet.<\/p>","protected":false},"excerpt":{"rendered":"","protected":false},"author":5,"featured_media":0,"parent":0,"menu_order":0,"comment_status":"closed","ping_status":"closed","template":"","meta":{"footnotes":""},"class_list":["post-557","page","type-page","status-publish","hentry"],"_links":{"self":[{"href":"https:\/\/frost08.se\/staging\/wp-json\/wp\/v2\/pages\/557"}],"collection":[{"href":"https:\/\/frost08.se\/staging\/wp-json\/wp\/v2\/pages"}],"about":[{"href":"https:\/\/frost08.se\/staging\/wp-json\/wp\/v2\/types\/page"}],"author":[{"embeddable":true,"href":"https:\/\/frost08.se\/staging\/wp-json\/wp\/v2\/users\/5"}],"replies":[{"embeddable":true,"href":"https:\/\/frost08.se\/staging\/wp-json\/wp\/v2\/comments?post=557"}],"version-history":[{"count":9,"href":"https:\/\/frost08.se\/staging\/wp-json\/wp\/v2\/pages\/557\/revisions"}],"predecessor-version":[{"id":48415,"href":"https:\/\/frost08.se\/staging\/wp-json\/wp\/v2\/pages\/557\/revisions\/48415"}],"wp:attachment":[{"href":"https:\/\/frost08.se\/staging\/wp-json\/wp\/v2\/media?parent=557"}],"curies":[{"name":"wp","href":"https:\/\/api.w.org\/{rel}","templated":true}]}}